it of 10315450?
1
What is the units digit of 4913445825?
5
What is the hundred millions digit of 106975727?
1
What is the ten millions digit of 1885157863?
8
What is the units digit of 552108862?
2
What is the hundred thousands digit of 4600185028?
1
What is the millions digit of 1125906852?
5
What is the tens digit of 453502295?
9
What is the hundred thousands digit of 92870946?
8
What is the billions digit of 4465024256?
4
What is the hundred millions digit of 534800836?
5
What is the thousands digit of 163537932?
7
What is the hundred thousands digit of 1000914715?
9
What is the thousands digit of 35716444?
6
What is the tens digit of 1476659841?
4
What is the hundred millions digit of 322630708?
3
What is the hundred millions digit of 234913805?
2
What is the tens digit of 172755546?
4
What is the tens digit of 34585257?
5
What is the ten thousands digit of 40975774?
7
What is the ten thousands digit of 98187304?
8
What is the tens digit of 86733477?
7
What is the thousands digit of 100266643?
6
What is the hundred thousands digit of 582982630?
9
What is the hundreds digit of 448061323?
3
What is the billions digit of 1444784808?
1
What is the units digit of 29624176?
6
What is the thousands digit of 171473009?
3
What is the tens digit of 34421374?
7
What is the millions digit of 43507649?
3
What is the thousands digit of 144733091?
3
What is the units digit of 142360227?
7
What is the hundred thousands digit of 210074074?
0
What is the thousands digit of 1777724924?
4
What is the thousands digit of 271199282?
9
What is the ten millions digit of 2691977508?
9
What is the millions digit of 1257403795?
7
What is the millions digit of 80197593?
0
What is the tens digit of 234879206?
0
What is the ten thousands digit of 334544076?
4
What is the units digit of 75462140?
0
What is the ten thousands digit of 7215379?
1
What is the hundred thousands digit of 4862054495?
0
What is the thousands digit of 2629105173?
5
What is the hundred millions digit of 4387628340?
3
What is the ten millions digit of 164380874?
6
What is the ten millions digit of 81574299?
8
What is the millions digit of 65236662?
5
What is the hundred thousands digit of 49280240?
2
What is the units digit of 11118678?
8
What is the ten thousands digit of 8201212386?
1
What is the hundred thousands digit of 508529000?
5
What is the ten thousands digit of 149480195?
8
What is the ten millions digit of 463796260?
6
What is the units digit of 25788666?
6
What is the hundreds digit of 365774450?
4
What is the tens digit of 68560563?
6
What is the billions digit of 3557646580?
3
What is the hundreds digit of 38882983?
9
What is the thousands digit of 55217169?
7
What is the tens digit of 771883529?
2
What is the ten thousands digit of 852190996?
9
What is the tens digit of 13211236?
3
What is the hundreds digit of 93922785?
7
What is the ten millions digit of 4495332963?
9
What is the billions digit of 3895951727?
3
What is the ten thousands digit of 1343142497?
4
What is the millions digit of 426776329?
6
What is the units digit of 3072923718?
8
What is the units digit of 102528252?
2
What is the hundred millions digit of 261448460?
2
What is the units digit of 2789708068?
8
What is the ten millions digit of 582471201?
8
What is the hundred thousands digit of 220462819?
4
What is the ten millions digit of 4055135474?
5
What is the ten thousands digit of 1861308402?
0
What is the hundred thousands digit of 408222109?
2
What is the tens digit of 7152708?
0
What is the units digit of 232619968?
8
What is the millions digit of 102802013?
2
What is the ten millions digit of 4773825562?
7
What is the millions digit of 31895864?
1
What is the ten millions digit of 783252653?
8
What is the ten millions digit of 395302393?
9
What is the hundred thousands digit of 28489971?
4
What is the millions digit of 828551990?
8
What is the units digit of 775329453?
3
What is the hundred thousands digit of 61164807?
1
What is the hundreds digit of 35728192?
1
What is the ten thousands digit of 180352619?
5
What is the ten millions digit of 1392609457?
9
What is the tens digit of 46893130?
3
What is the millions digit of 296384921?
6
What is the tens digit of 1360997787?
8
What is the ten millions digit of 277039363?
7
What is the ten thousands digit of 2049019095?
1
What is the thousands digit of 39779894?
9
What is the ten millions digit of 14544035?
1
What is the thousands digit of 382413736?
3
What is the ten thousands digit of 133893708?
9
What is the thousands digit of 42660154?
0
What is the thousands digit of 220084688?
4
What is the units digit of 33788494?
4
What is the units digit of 4516603847?
7
What is the hundred thousands digit of 3386519585?
5
What is the ten thousands digit of 4554972?
5
What is the hundreds digit of 136097201?
2
What is the millions digit of 236896429?
6
What is the thousands digit of 55484227?
4
What is the tens digit of 527896258?
5
What is the ten thousands digit of 131090764?
9
What is the millions digit of 435546445?
5
What is the ten thousands digit of 69380212?
8
What is the tens digit of 20438807?
0
What is the millions digit of 36986337?
6
What is the hundreds digit of 436436?
4
What is the ten thousands digit of 105730487?
3
What is the units digit of 84548728?
8
What is the tens digit of 168639274?
7
What is the hundred thousands digit of 585042?
5
What is the billions digit of 1840390063?
1
What is the hundreds digit of 1399863147?
1
What is the ten thousands digit of 258135348?
3
What is the ten millions digit of 95812123?
9
What is the hundred thousands digit of 73192589?
1
What is the tens digit of 1317618334?
3
What is the thousands digit of 949125399?
5
What is the hundreds digit of 3251748977?
9
What is the hundreds digit of 49115014?
0
What is the hundred thousands digit of 37201049?
2
What is the ten thousands digit of 1003577669?
7
What is the ten millions digit of 20292099?
2
What is the hundreds digit of 532724583?
5
What is the thousands digit of 80072487?
2
What is the thousands digit of 172965565?
5
What is the tens digit of 19073182?
8
What is the hundred thousands digit of 36078248?
0
What is the thousands digit of 16183072?
3
What is the hundred thousands digit of 4760380?
7
What is the ten thousands digit of 185286677?
8
What is the millions digit of 53293938?
3
What is the millions digit of 96142028?
6
What is the units digit of 326048368?
8
What is the ten thousands digit of 53298425?
9
What is the units digit of 15264502?
2
What is the thousands digit of 63009831?
9
What is the ten thousands digit of 125911981?
1
What is the hundreds digit of 1058802225?
2
What is the ten millions digit of 42819534?
4
What is the thousands digit of 94349753?
9
What is the hundreds digit of 31925381?
3
What is the hundred millions digit of 177621383?
1
What is the hundred thousands digit of 42426910?
4
What is the hundred thousands digit of 389038300?
0
What is the tens digit of 1180428279?
7
What is the tens digit of 218528706?
0
What is the millions digit of 153726808?
3
What is the millions digit of 8640809?
8
What is the tens digit of 54836700?
0
What is the millions digit of 198812876?
8
What is the billions digit of 1587047137?
1
What is the thousands digit of 35079291?
9
What is the hundreds digit of 216541413?
4
What is the thousands digit of 170575425?
5
What is the billions digit of 3403230207?
3
What is the units digit of 501375061?
1
What is the ten millions digit of 1099538857?
9
What is the ten thousands digit of 636749712?
4
What is the hundred millions digit of 1829076806?
8
What is the hundred millions digit of 140522102?
1
What is the ten millions digit of 2465216191?
6
What is the millions digit of 3351716519?
1
What is the hundred thousands digit of 5018441?
0
What is the hundred millions digit of 474615027?
4
What is the billions digit of 1478327007?
1
What is the units digit of 1274302622?
2
What is the hundreds digit of 818445426?
4
What is the tens digit of 312626013?
1
What is the millions digit of 150413513?
0
What is the units digit of 14920034?
4
What is the units digit of 207429247?
7
What is the hundred thousands digit of 272487017?
4
What is the ten millions digit of 2667135447?
6
What is the hundred millions digit of 65